?
3
Calculate the highest common factor of 24 and 312.
24
Calculate the highest common divisor of 49 and 91.
7
What is the greatest common divisor of 145 and 87?
29
Calculate the greatest common factor of 828 and 72.
36
Calculate the greatest common divisor of 604 and 4.
4
Calculate the highest common divisor of 105 and 6657.
21
Calculate the greatest common divisor of 676 and 104.
52
Calculate the highest common factor of 124 and 93.
31
What is the greatest common divisor of 126 and 63?
63
Calculate the greatest common divisor of 470 and 10.
10
Calculate the highest common divisor of 33 and 130053.
33
What is the greatest common factor of 12 and 26?
2
What is the highest common factor of 252 and 24318?
126
Calculate the highest common factor of 17 and 17.
17
What is the highest common divisor of 3 and 105?
3
What is the highest common factor of 424 and 8?
8
Calculate the greatest common factor of 45327 and 87.
87
What is the highest common divisor of 16769 and 41?
41
Calculate the highest common divisor of 18 and 318.
6
What is the greatest common divisor of 33 and 583?
11
What is the highest common factor of 8 and 424?
8
Calculate the greatest common factor of 5907 and 88.
11
Calculate the highest common divisor of 3139 and 292.
73
What is the highest common divisor of 378 and 3078?
54
What is the highest common divisor of 2196 and 671?
61
Calculate the greatest common factor of 2 and 509.
1
Calculate the highest common factor of 142 and 3266.
142
What is the highest common factor of 549 and 9?
9
Calculate the highest common factor of 252 and 6636.
84
What is the greatest common divisor of 663 and 153?
51
Calculate the greatest common factor of 8 and 4.
4
What is the greatest common divisor of 2398 and 550?
22
What is the greatest common factor of 374 and 58718?
374
What is the greatest common divisor of 20 and 2780?
20
What is the highest common divisor of 779 and 205?
41
Calculate the greatest common divisor of 10564 and 76.
76
Calculate the highest common divisor of 70 and 455.
35
What is the greatest common divisor of 62 and 93?
31
Calculate the greatest common factor of 1971 and 405.
27
What is the greatest common factor of 7587 and 2248?
281
What is the greatest common factor of 14 and 42?
14
What is the greatest common factor of 21 and 3129?
21
Calculate the greatest common divisor of 927 and 567.
9
What is the highest common divisor of 469 and 7?
7
Calculate the greatest common factor of 1041 and 48.
3
What is the greatest common factor of 84 and 42?
42
What is the greatest common factor of 42 and 7?
7
Calculate the greatest common divisor of 36 and 76.
4
Calculate the highest common divisor of 351 and 1573.
13
What is the greatest common factor of 1 and 25?
1
What is the greatest common factor of 136 and 21556?
68
Calculate the highest common divisor of 1160 and 40.
40
Calculate the greatest common divisor of 23 and 529.
23
What is the highest common divisor of 352 and 66?
22
Calculate the greatest common factor of 48 and 29.
1
What is the highest common divisor of 75 and 30?
15
Calculate the greatest common divisor of 55 and 121.
11
Calculate the greatest common factor of 9225 and 41.
41
What is the greatest common factor of 2 and 2927?
1
What is the highest common divisor of 6319 and 284?
71
What is the highest common divisor of 52 and 6890?
26
What is the greatest common divisor of 2860 and 65?
65
Calculate the highest common divisor of 140 and 3710.
70
Calculate the greatest common divisor of 9299 and 17.
17
Calculate the highest common divisor of 6507 and 81.
27
Calculate the greatest common factor of 1183 and 13520.
169
What is the highest common factor of 305 and 5?
5
Calculate the greatest common divisor of 39 and 10725.
39
Calculate the highest common divisor of 140 and 12.
4
What is the greatest common factor of 81 and 63?
9
What is the greatest common divisor of 141 and 6?
3
What is the highest common factor of 1686 and 12?
6
What is the highest common divisor of 357 and 21?
21
Calculate the greatest common factor of 285 and 665.
95
What is the highest common divisor of 5148 and 36?
36
Calculate the highest common factor of 12 and 4668.
12
Calculate the greatest common factor of 16533 and 22.
11
What is the greatest common factor of 30 and 69?
3
Calculate the greatest common factor of 76 and 4332.
76
Calculate the greatest common divisor of 10761 and 422.
211
Calculate the highest common divisor of 25 and 1075.
25
What is the highest common factor of 11 and 8?
1
What is the highest common divisor of 1170 and 2470?
130
Calculate the highest common divisor of 141 and 188.
47
What is the highest common divisor of 35 and 3535?
35
Calculate the greatest common factor of 30 and 1570.
10
What is the highest common divisor of 14 and 70?
14
What is the greatest common divisor of 780 and 50?
10
What is the highest common factor of 81 and 2997?
81
What is the highest common factor of 96 and 116?
4
What is the greatest common divisor of 34 and 3264?
34
What is the highest common factor of 330 and 30?
30
What is the greatest common factor of 154 and 110?
22
What is the greatest common factor of 61 and 11?
1
What is the greatest common divisor of 54 and 13734?
18
Calculate the highest common divisor of 608 and 32.
32
What is the greatest common factor of 1459 and 1?
1
Calculate the greatest common divisor of 656 and 32.
16
Calculate the highest common factor of 86 and 200.
2
What is the greatest common factor of 42 and 168?
42
Calculate the highest common factor of 56 and 49.
7
Calculate the highest common factor of 2407 and 29.
29
Calculate the highest common divisor of 2925 and 45.
45
Calculate the greatest common factor of 2 and 32.
2
Calculate the highest common divisor of 16 and 191.
1
Calculate the greatest common factor of 98 and 3360.
14
What is the highest common factor of 37 and 1961?
37
Calculate the greatest common divisor of 126 and 54.
18
Calculate the greatest common divisor of 1220 and 220.
20
What is the greatest common divisor of 1 and 787?
1
Calculate the highest common divisor of 6384 and 19.
19
Calculate the highest common factor of 160 and 1640.
40
Calculate the highest common divisor of 13 and 13.
13
What is the greatest common divisor of 160 and 736?
32
Calculate the highest common factor of 219 and 657.
219
Calculate the highest common divisor of 342 and 8436.
114
Calculate the highest common factor of 9 and 279.
9
What is the highest common factor of 98 and 18767?
49
Calculate the greatest common divisor of 7024 and 40.
8
Calculate the greatest common factor of 232 and 56.
8
What is the greatest common divisor of 1012 and 484?
44
Calculate the highest common divisor of 62 and 93.
31
Calculate the greatest common divisor of 6785 and 345.
115
What is the highest common divisor of 6 and 2946?
6
Calculate the greatest common divisor of 46 and 2.
2
What is the highest common factor of 64 and 1312?
32
Calculate the highest common factor of 42 and 1302.
42
What is the highest common divisor of 105 and 903?
21
What is the greatest common divisor of 360 and 12330?
90
What is the greatest common factor of 169 and 26?
13
What is the greatest common factor of 26 and 78?
26
What is the highest common factor of 196 and 1064?
28
Calculate the highest common divisor of 49 and 392.
49
Calculate the highest common factor of 13 and 1027.
13
What is the greatest common divisor of 152 and 2584?
152
What is the highest common divisor of 26 and 39?
13
Calculate the greatest common factor of 47 and 47.
47
Calculate the highest common factor of 28 and 1372.
28
Calculate the highest common divisor of 1944 and 198.
18
What is the highest common divisor of 294 and 4368?
42
What is the highest common divisor of 14 and 54?
2
What is the highest common factor of 86 and 4?
2
What is the greatest common factor of 8 and 13576?
8
What is the greatest common divisor of 50 and 30?
10
Calculate the highest common factor of 30 and 330.
30
Calculate the highest common divisor of 768 and 10496.
256
Calculate the highest common factor of 48 and 1920.
48
Calculate the greatest common factor of 27 and 936.
9
What is the highest common divisor of 10 and 90?
10
Calculate the greatest common divisor of 540 and 20.
20
Calculate the highest common divis